[INFO] cloning repository https://github.com/Fluxie/mandelbrot
[INFO] running `Command { std: "git" "-c" "credential.helper=" "-c" "credential.helper=/workspace/cargo-home/bin/git-credential-null" "clone" "--bare" "https://github.com/Fluxie/mandelbrot" "/workspace/cache/git-repos/https%3A%2F%2Fgithub.com%2FFluxie%2Fmandelbrot", kill_on_drop: false }`
[INFO] [stderr] Cloning into bare repository '/workspace/cache/git-repos/https%3A%2F%2Fgithub.com%2FFluxie%2Fmandelbrot'...
[INFO] running `Command { std: "git" "rev-parse" "HEAD", kill_on_drop: false }`
[INFO] [stdout] 8658abb33af08dd275b90bd241e0525b5eaef7f7
[INFO] checking Fluxie/mandelbrot against master#9610dfe5a9a731ced1ea4923ecbd0c57fe367898 for beta-170-4
[INFO] running `Command { std: "git" "clone" "/workspace/cache/git-repos/https%3A%2F%2Fgithub.com%2FFluxie%2Fmandelbrot" "/workspace/builds/worker-1-tc1/source", kill_on_drop: false }`
[INFO] [stderr] Cloning into '/workspace/builds/worker-1-tc1/source'...
[INFO] [stderr] done.
[INFO] validating manifest of git repo https://github.com/Fluxie/mandelbrot on toolchain 9610dfe5a9a731ced1ea4923ecbd0c57fe367898
[INFO] running `Command { std: CARGO_HOME="/workspace/cargo-home" RUSTUP_HOME="/workspace/rustup-home" "/workspace/cargo-home/bin/cargo" "+9610dfe5a9a731ced1ea4923ecbd0c57fe367898" "metadata" "--manifest-path" "Cargo.toml" "--no-deps", kill_on_drop: false }`
[INFO] removed /workspace/builds/worker-1-tc1/source/rust-toolchain.toml
[INFO] started tweaking git repo https://github.com/Fluxie/mandelbrot
[INFO] finished tweaking git repo https://github.com/Fluxie/mandelbrot
[INFO] tweaked toml for git repo https://github.com/Fluxie/mandelbrot written to /workspace/builds/worker-1-tc1/source/Cargo.toml
[INFO] crate git repo https://github.com/Fluxie/mandelbrot already has a lockfile, it will not be regenerated
[INFO] running `Command { std: CARGO_HOME="/workspace/cargo-home" RUSTUP_HOME="/workspace/rustup-home" "/workspace/cargo-home/bin/cargo" "+9610dfe5a9a731ced1ea4923ecbd0c57fe367898" "fetch" "--manifest-path" "Cargo.toml", kill_on_drop: false }`
[INFO] [stderr]     Blocking waiting for file lock on package cache
[INFO] [stderr]     Blocking waiting for file lock on package cache
[INFO] running `Command { std: "docker" "create" "-v" "/var/lib/crater-agent-workspace/builds/worker-1-tc1/target:/opt/rustwide/target:rw,Z" "-v" "/var/lib/crater-agent-workspace/builds/worker-1-tc1/source:/opt/rustwide/workdir:ro,Z" "-v" "/var/lib/crater-agent-workspace/cargo-home:/opt/rustwide/cargo-home:ro,Z" "-v" "/var/lib/crater-agent-workspace/rustup-home:/opt/rustwide/rustup-home:ro,Z" "-e" "SOURCE_DIR=/opt/rustwide/workdir" "-e" "CARGO_TARGET_DIR=/opt/rustwide/target" "-e" "CARGO_HOME=/opt/rustwide/cargo-home" "-e" "RUSTUP_HOME=/opt/rustwide/rustup-home" "-w" "/opt/rustwide/workdir" "-m" "1610612736" "--user" "0:0" "--network" "none" "ghcr.io/rust-lang/crates-build-env/linux@sha256:19e73879b68f455e41552ea35293514db52ea292d993f571636dbffedb77a1ee" "/opt/rustwide/cargo-home/bin/cargo" "+9610dfe5a9a731ced1ea4923ecbd0c57fe367898" "metadata" "--no-deps" "--format-version=1", kill_on_drop: false }`
[INFO] [stdout] fc89b3b7242fa67a30fe246258d97fa6f9bbe1e85cbcce28fd043cffd58a6ae2
[INFO] running `Command { std: "docker" "start" "-a" "fc89b3b7242fa67a30fe246258d97fa6f9bbe1e85cbcce28fd043cffd58a6ae2", kill_on_drop: false }`
[INFO] running `Command { std: "docker" "inspect" "fc89b3b7242fa67a30fe246258d97fa6f9bbe1e85cbcce28fd043cffd58a6ae2", kill_on_drop: false }`
[INFO] running `Command { std: "docker" "rm" "-f" "fc89b3b7242fa67a30fe246258d97fa6f9bbe1e85cbcce28fd043cffd58a6ae2", kill_on_drop: false }`
[INFO] [stdout] fc89b3b7242fa67a30fe246258d97fa6f9bbe1e85cbcce28fd043cffd58a6ae2
[INFO] running `Command { std: "docker" "create" "-v" "/var/lib/crater-agent-workspace/builds/worker-1-tc1/target:/opt/rustwide/target:rw,Z" "-v" "/var/lib/crater-agent-workspace/builds/worker-1-tc1/source:/opt/rustwide/workdir:ro,Z" "-v" "/var/lib/crater-agent-workspace/cargo-home:/opt/rustwide/cargo-home:ro,Z" "-v" "/var/lib/crater-agent-workspace/rustup-home:/opt/rustwide/rustup-home:ro,Z" "-e" "SOURCE_DIR=/opt/rustwide/workdir" "-e" "CARGO_TARGET_DIR=/opt/rustwide/target" "-e" "CARGO_INCREMENTAL=0" "-e" "RUST_BACKTRACE=full" "-e" "RUSTFLAGS=--cap-lints=forbid" "-e" "RUSTDOCFLAGS=--cap-lints=forbid" "-e" "CARGO_HOME=/opt/rustwide/cargo-home" "-e" "RUSTUP_HOME=/opt/rustwide/rustup-home" "-w" "/opt/rustwide/workdir" "-m" "1610612736" "--user" "0:0" "--network" "none" "ghcr.io/rust-lang/crates-build-env/linux@sha256:19e73879b68f455e41552ea35293514db52ea292d993f571636dbffedb77a1ee" "/opt/rustwide/cargo-home/bin/cargo" "+9610dfe5a9a731ced1ea4923ecbd0c57fe367898" "check" "--frozen" "--all" "--all-targets" "--message-format=json", kill_on_drop: false }`
[INFO] [stdout] c8550bc9cbe5f8d20057572d893add5a117e8d27a7d2b9ccbc717fe419c0dbf0
[INFO] running `Command { std: "docker" "start" "-a" "c8550bc9cbe5f8d20057572d893add5a117e8d27a7d2b9ccbc717fe419c0dbf0", kill_on_drop: false }`
[INFO] [stderr]    Compiling num-traits v0.2.15
[INFO] [stderr]    Compiling crossbeam-utils v0.8.10
[INFO] [stderr]    Compiling num-integer v0.1.45
[INFO] [stderr]    Compiling crossbeam-epoch v0.9.9
[INFO] [stderr]    Compiling num-bigint v0.4.3
[INFO] [stderr]    Compiling rayon-core v1.9.3
[INFO] [stderr]    Compiling proc-macro-error-attr v1.0.4
[INFO] [stderr]    Compiling proc-macro-error v1.0.4
[INFO] [stderr]    Compiling num-iter v0.1.43
[INFO] [stderr]    Compiling num-rational v0.4.1
[INFO] [stderr]    Compiling crc32fast v1.3.2
[INFO] [stderr]    Compiling rayon v1.5.3
[INFO] [stderr]     Checking os_str_bytes v6.1.0
[INFO] [stderr]     Checking adler32 v1.2.0
[INFO] [stderr]     Checking adler v1.0.2
[INFO] [stderr]    Compiling heck v0.4.0
[INFO] [stderr]     Checking miniz_oxide v0.5.3
[INFO] [stderr]     Checking deflate v1.0.0
[INFO] [stderr]     Checking atty v0.2.14
[INFO] [stderr]     Checking clap_lex v0.2.4
[INFO] [stderr]     Checking strsim v0.10.0
[INFO] [stderr]     Checking either v1.7.0
[INFO] [stderr]     Checking textwrap v0.15.0
[INFO] [stderr]     Checking termcolor v1.1.3
[INFO] [stderr]     Checking png v0.17.5
[INFO] [stderr]     Checking crossbeam-channel v0.5.5
[INFO] [stderr]     Checking crossbeam-deque v0.8.1
[INFO] [stderr]    Compiling clap_derive v3.2.7
[INFO] [stderr]     Checking num-complex v0.4.2
[INFO] [stderr]     Checking num v0.4.0
[INFO] [stderr]     Checking clap v3.2.8
[INFO] [stderr]     Checking mandelbrot v0.1.0 (/opt/rustwide/workdir)
[INFO] [stdout] error[E0599]: no method named `reduce_max` found for struct `std::simd::Simd` in the current scope
[INFO] [stdout]    --> src/simd/f64/mod.rs:179:22
[INFO] [stdout]     |
[INFO] [stdout] 179 |         if iteration.reduce_max() >= MAX_ITERATIONS {
[INFO] [stdout]     |                      ^^^^^^^^^^ method not found in `Simd<i64, 4>`
[INFO] [stdout]    --> /rustc/9610dfe5a9a731ced1ea4923ecbd0c57fe367898/library/core/src/../../portable-simd/crates/core_simd/src/elements/int.rs:160:8
[INFO] [stdout]     |
[INFO] [stdout]     = note: the method is available for `std::simd::Simd<i64, 4>` here
[INFO] [stdout]     |
[INFO] [stdout]     = help: items from traits can only be used if the trait is in scope
[INFO] [stdout] help: the following trait is implemented but not in scope; perhaps add a `use` for it:
[INFO] [stdout]     |
[INFO] [stdout] 1   + use std::simd::SimdInt;
[INFO] [stdout]     |
[INFO] [stdout] 
[INFO] [stdout] 
[INFO] [stdout] error[E0599]: no method named `reduce_max` found for struct `Simd` in the current scope
[INFO] [stdout]    --> src/simd/f64/mod.rs:179:22
[INFO] [stdout]     |
[INFO] [stdout] 179 |         if iteration.reduce_max() >= MAX_ITERATIONS {
[INFO] [stdout]     |                      ^^^^^^^^^^ method not found in `Simd<i64, 4>`
[INFO] [stdout]    --> /rustc/9610dfe5a9a731ced1ea4923ecbd0c57fe367898/library/core/src/../../portable-simd/crates/core_simd/src/elements/int.rs:160:8
[INFO] [stdout]     |
[INFO] [stdout]     = note: the method is available for `Simd<i64, 4>` here
[INFO] [stdout]     |
[INFO] [stdout]     = help: items from traits can only be used if the trait is in scope
[INFO] [stdout] help: the following trait is implemented but not in scope; perhaps add a `use` for it:
[INFO] [stdout]     |
[INFO] [stdout] 1   + use std::simd::SimdInt;
[INFO] [stdout]     |
[INFO] [stdout] 
[INFO] [stdout] 
[INFO] [stdout] error[E0599]: no method named `lanes_lt` found for struct `std::simd::Simd` in the current scope
[INFO] [stdout]    --> src/simd/f64/mod.rs:184:44
[INFO] [stdout]     |
[INFO] [stdout] 184 |         let condition_mask = ( x*x + y*y ).lanes_lt( mandelbrot_condition );
[INFO] [stdout]     |                                            ^^^^^^^^ help: there is a method with a similar name: `lanes`
[INFO] [stdout]     |
[INFO] [stdout]     = help: items from traits can only be used if the trait is implemented and in scope
[INFO] [stdout] note: `simd::MandelbrotGrid` defines an item `lanes_lt`, perhaps you need to implement it
[INFO] [stdout]    --> src/simd/mod.rs:198:1
[INFO] [stdout]     |
[INFO] [stdout] 198 | pub trait MandelbrotGrid<const LANES: usize>
[INFO] [stdout]     | ^^^^^^^^^^^^^^^^^^^^^^^^^^^^^^^^^^^^^^^^^^^^
[INFO] [stdout] 
[INFO] [stdout] 
[INFO] [stdout] error[E0599]: no method named `lanes_lt` found for struct `Simd` in the current scope
[INFO] [stdout]    --> src/simd/f64/mod.rs:184:44
[INFO] [stdout]     |
[INFO] [stdout] 184 |         let condition_mask = ( x*x + y*y ).lanes_lt( mandelbrot_condition );
[INFO] [stdout]     |                                            ^^^^^^^^ help: there is a method with a similar name: `lanes`
[INFO] [stdout]     |
[INFO] [stdout]     = help: items from traits can only be used if the trait is implemented and in scope
[INFO] [stdout] note: `MandelbrotGrid` defines an item `lanes_lt`, perhaps you need to implement it
[INFO] [stdout]    --> src/simd/mod.rs:198:1
[INFO] [stdout]     |
[INFO] [stdout] 198 | pub trait MandelbrotGrid<const LANES: usize>
[INFO] [stdout]     | ^^^^^^^^^^^^^^^^^^^^^^^^^^^^^^^^^^^^^^^^^^^^
[INFO] [stdout] 
[INFO] [stdout] 
[INFO] [stdout] error[E0599]: no method named `reduce_max` found for reference `&std::simd::Simd<i64, LANES>` in the current scope
[INFO] [stdout]    --> src/simd/mod.rs:709:19
[INFO] [stdout]     |
[INFO] [stdout] 709 |         iteration.reduce_max() as u32
[INFO] [stdout]     |                   ^^^^^^^^^^ method not found in `&Simd<i64, LANES>`
[INFO] [stdout]     |
[INFO] [stdout]     = help: items from traits can only be used if the trait is in scope
[INFO] [stdout] help: the following trait is implemented but not in scope; perhaps add a `use` for it:
[INFO] [stdout]     |
[INFO] [stdout] 1   + use std::simd::SimdInt;
[INFO] [stdout]     |
[INFO] [stdout] 
[INFO] [stdout] 
[INFO] [stdout] error[E0599]: no method named `reduce_max` found for reference `&Simd<i64, LANES>` in the current scope
[INFO] [stdout]    --> src/simd/mod.rs:709:19
[INFO] [stdout]     |
[INFO] [stdout] 709 |         iteration.reduce_max() as u32
[INFO] [stdout]     |                   ^^^^^^^^^^ method not found in `&Simd<i64, LANES>`
[INFO] [stdout]     |
[INFO] [stdout]     = help: items from traits can only be used if the trait is in scope
[INFO] [stdout] help: the following trait is implemented but not in scope; perhaps add a `use` for it:
[INFO] [stdout]     |
[INFO] [stdout] 1   + use std::simd::SimdInt;
[INFO] [stdout]     |
[INFO] [stdout] 
[INFO] [stdout] 
[INFO] [stdout] error[E0599]: no method named `lanes_lt` found for struct `std::simd::Simd` in the current scope
[INFO] [stdout]    --> src/simd/mod.rs:716:17
[INFO] [stdout]     |
[INFO] [stdout] 716 |         product.lanes_lt( condition )
[INFO] [stdout]     |                 ^^^^^^^^ this is an associated function, not a method
[INFO] [stdout]     |
[INFO] [stdout]     = note: found the following associated functions; to be used as methods, functions must have a `self` parameter
[INFO] [stdout] note: the candidate is defined in the trait `simd::MandelbrotGrid`
[INFO] [stdout]    --> src/simd/mod.rs:270:5
[INFO] [stdout]     |
[INFO] [stdout] 270 | /     fn lanes_lt(
[INFO] [stdout] 271 | |         product: Simd<Self::GridType, LANES>,
[INFO] [stdout] 272 | |         condition: Simd<Self::GridType, LANES>,
[INFO] [stdout] 273 | |     ) -> Mask<<Self::GridType as SimdElement>::Mask, LANES>;
[INFO] [stdout]     | |____________________________________________________________^
[INFO] [stdout] help: use associated function syntax instead
[INFO] [stdout]     |
[INFO] [stdout] 716 |         std::simd::Simd<f64, LANES>::lanes_lt(condition)
[INFO] [stdout]     |
[INFO] [stdout] help: there is a method with a similar name
[INFO] [stdout]     |
[INFO] [stdout] 716 |         product.lanes( condition )
[INFO] [stdout]     |                 ~~~~~
[INFO] [stdout] 
[INFO] [stdout] 
[INFO] [stdout] error[E0599]: no method named `lanes_lt` found for struct `Simd` in the current scope
[INFO] [stdout]    --> src/simd/mod.rs:716:17
[INFO] [stdout]     |
[INFO] [stdout] 716 |         product.lanes_lt( condition )
[INFO] [stdout]     |                 ^^^^^^^^ this is an associated function, not a method
[INFO] [stdout]     |
[INFO] [stdout]     = note: found the following associated functions; to be used as methods, functions must have a `self` parameter
[INFO] [stdout] note: the candidate is defined in the trait `MandelbrotGrid`
[INFO] [stdout]    --> src/simd/mod.rs:270:5
[INFO] [stdout]     |
[INFO] [stdout] 270 | /     fn lanes_lt(
[INFO] [stdout] 271 | |         product: Simd<Self::GridType, LANES>,
[INFO] [stdout] 272 | |         condition: Simd<Self::GridType, LANES>,
[INFO] [stdout] 273 | |     ) -> Mask<<Self::GridType as SimdElement>::Mask, LANES>;
[INFO] [stdout]     | |____________________________________________________________^
[INFO] [stdout] help: use associated function syntax instead
[INFO] [stdout]     |
[INFO] [stdout] 716 |         Simd<f64, LANES>::lanes_lt(condition)
[INFO] [stdout]     |
[INFO] [stdout] help: there is a method with a similar name
[INFO] [stdout]     |
[INFO] [stdout] 716 |         product.lanes( condition )
[INFO] [stdout]     |                 ~~~~~
[INFO] [stdout] 
[INFO] [stdout] 
[INFO] [stdout] error[E0599]: no method named `reduce_max` found for reference `&std::simd::Simd<i32, LANES>` in the current scope
[INFO] [stdout]    --> src/simd/mod.rs:787:19
[INFO] [stdout]     |
[INFO] [stdout] 787 |         iteration.reduce_max() as u32
[INFO] [stdout]     |                   ^^^^^^^^^^ method not found in `&Simd<i32, LANES>`
[INFO] [stdout]     |
[INFO] [stdout]     = help: items from traits can only be used if the trait is in scope
[INFO] [stdout] help: the following trait is implemented but not in scope; perhaps add a `use` for it:
[INFO] [stdout]     |
[INFO] [stdout] 1   + use std::simd::SimdInt;
[INFO] [stdout]     |
[INFO] [stdout] 
[INFO] [stdout] 
[INFO] [stdout] error[E0599]: no method named `reduce_max` found for reference `&Simd<i32, LANES>` in the current scope
[INFO] [stdout]    --> src/simd/mod.rs:787:19
[INFO] [stdout]     |
[INFO] [stdout] 787 |         iteration.reduce_max() as u32
[INFO] [stdout]     |                   ^^^^^^^^^^ method not found in `&Simd<i32, LANES>`
[INFO] [stdout]     |
[INFO] [stdout]     = help: items from traits can only be used if the trait is in scope
[INFO] [stdout] help: the following trait is implemented but not in scope; perhaps add a `use` for it:
[INFO] [stdout]     |
[INFO] [stdout] 1   + use std::simd::SimdInt;
[INFO] [stdout]     |
[INFO] [stdout] 
[INFO] [stdout] 
[INFO] [stdout] error[E0599]: no method named `lanes_lt` found for struct `std::simd::Simd` in the current scope
[INFO] [stdout]    --> src/simd/mod.rs:794:17
[INFO] [stdout]     |
[INFO] [stdout] 794 |         product.lanes_lt( condition )
[INFO] [stdout]     |                 ^^^^^^^^ this is an associated function, not a method
[INFO] [stdout]     |
[INFO] [stdout]     = note: found the following associated functions; to be used as methods, functions must have a `self` parameter
[INFO] [stdout] note: the candidate is defined in the trait `simd::MandelbrotGrid`
[INFO] [stdout]    --> src/simd/mod.rs:270:5
[INFO] [stdout]     |
[INFO] [stdout] 270 | /     fn lanes_lt(
[INFO] [stdout] 271 | |         product: Simd<Self::GridType, LANES>,
[INFO] [stdout] 272 | |         condition: Simd<Self::GridType, LANES>,
[INFO] [stdout] 273 | |     ) -> Mask<<Self::GridType as SimdElement>::Mask, LANES>;
[INFO] [stdout]     | |____________________________________________________________^
[INFO] [stdout] help: use associated function syntax instead
[INFO] [stdout]     |
[INFO] [stdout] 794 |         std::simd::Simd<f32, LANES>::lanes_lt(condition)
[INFO] [stdout]     |
[INFO] [stdout] help: there is a method with a similar name
[INFO] [stdout]     |
[INFO] [stdout] 794 |         product.lanes( condition )
[INFO] [stdout]     |                 ~~~~~
[INFO] [stdout] 
[INFO] [stdout] 
[INFO] [stdout] error[E0599]: no method named `lanes_lt` found for struct `Simd` in the current scope
[INFO] [stdout]    --> src/simd/mod.rs:794:17
[INFO] [stdout]     |
[INFO] [stdout] 794 |         product.lanes_lt( condition )
[INFO] [stdout]     |                 ^^^^^^^^ this is an associated function, not a method
[INFO] [stdout]     |
[INFO] [stdout]     = note: found the following associated functions; to be used as methods, functions must have a `self` parameter
[INFO] [stdout] note: the candidate is defined in the trait `MandelbrotGrid`
[INFO] [stdout]    --> src/simd/mod.rs:270:5
[INFO] [stdout]     |
[INFO] [stdout] 270 | /     fn lanes_lt(
[INFO] [stdout] 271 | |         product: Simd<Self::GridType, LANES>,
[INFO] [stdout] 272 | |         condition: Simd<Self::GridType, LANES>,
[INFO] [stdout] 273 | |     ) -> Mask<<Self::GridType as SimdElement>::Mask, LANES>;
[INFO] [stdout]     | |____________________________________________________________^
[INFO] [stdout] help: use associated function syntax instead
[INFO] [stdout]     |
[INFO] [stdout] 794 |         Simd<f32, LANES>::lanes_lt(condition)
[INFO] [stdout]     |
[INFO] [stdout] help: there is a method with a similar name
[INFO] [stdout]     |
[INFO] [stdout] 794 |         product.lanes( condition )
[INFO] [stdout]     |                 ~~~~~
[INFO] [stdout] 
[INFO] [stdout] 
[INFO] [stdout] error: aborting due to 6 previous errors
[INFO] [stdout] 
[INFO] [stdout] 
[INFO] [stdout] For more information about this error, try `rustc --explain E0599`.
[INFO] [stdout] 
[INFO] [stderr] error: could not compile `mandelbrot` (bin "mandelbrot") due to 7 previous errors
[INFO] [stderr] warning: build failed, waiting for other jobs to finish...
[INFO] [stdout] error: aborting due to 6 previous errors
[INFO] [stdout] 
[INFO] [stdout] 
[INFO] [stdout] For more information about this error, try `rustc --explain E0599`.
[INFO] [stdout] 
[INFO] [stderr] error: could not compile `mandelbrot` (bin "mandelbrot" test) due to 7 previous errors
[INFO] running `Command { std: "docker" "inspect" "c8550bc9cbe5f8d20057572d893add5a117e8d27a7d2b9ccbc717fe419c0dbf0", kill_on_drop: false }`
[INFO] running `Command { std: "docker" "rm" "-f" "c8550bc9cbe5f8d20057572d893add5a117e8d27a7d2b9ccbc717fe419c0dbf0", kill_on_drop: false }`
[INFO] [stdout] c8550bc9cbe5f8d20057572d893add5a117e8d27a7d2b9ccbc717fe419c0dbf0
